
73
Let a be 1*(3 + -1)*2. Suppose 3*s = -2*s - a*h - 56, 0 = 2*h + 8. Let d = 2 - s. List the prime factors of d.
2, 5
Let i = -279 - -426. What are the prime factors of i?
3, 7
Let c = 0 - 2. Let o be (-2*(-1)/c)/1. List the prime factors of (-18)/21*(-6 + o).
2, 3
Let p = -28 - -56. Let s = 9 + p. List the prime factors of s.
37
Let s = 82 - 19. List the prime factors of s.
3, 7
Let o be ((-1)/(-3) + -2)*3. List the prime factors of (-15)/9*(o - 4).
3, 5
Let i = 11 - 4. Suppose -i*c + 2*c - 140 = 0. Let z = -20 - c. List the prime factors of z.
2
Suppose -f + 1 = -4*p, 3*f - p + 6 = 31. Suppose -f = -d + 3. List the prime factors of d.
2, 3
Suppose -346 = -4*z - 46. What are the prime factors of z?
3, 5
Suppose 14 = 4*f - 2*f. List the prime factors of 2 - f/((-28)/120).
2
Let q(s) be the second derivative of -s**5/20 + 5*s**4/12 - s**3/2 - s**2 + 4*s. List the prime factors of q(3).
7
Let x(r) = r**2 + 8*r - 9. Let h be x(-9). Suppose h*g - g = 0. Let y = 10 - g. List the prime factors of y.
2, 5
Let p = 25 - 17. Suppose 2*h - p = h. List the prime factors of h.
2
Let h = 19 + 30. List the prime factors of h.
7
Let p = 1 + -7. Let b = p - -19. List the prime factors of b.
13
Suppose 3*d + 6 - 51 = 0. Let j = d + 1. What are the prime factors of j?
2
Suppose -d + 5*k + 38 = 0, 0 = 3*d - 5*k + 32 - 166. Suppose -3*r + d = 3*n, 4*r = -0*n + 3*n + 57. Let m = r - -1. List the prime factors of m.
2
What are the prime factors of (-772)/(-16) - (-3)/4?
7
Let l = -7 + 19. Suppose 0 = 2*h + 2*q - l, 2*h + 0*q = -q + 12. What are the prime factors of h?
2, 3
Let a(m) = 4 - m**2 - 7*m + 7*m**2 - 1 + m**3. Let f be a(-7). Suppose -f*j + 25 = 7. List the prime factors of j.
2, 3
Let p be (-60)/(-27) + 4/(-18). Let i(w) = 8*w**2. Let r be i(p). Suppose -r - 4 = -4*c. List the prime factors of c.
3
Let d(n) = 3*n - 5. Let i be d(4). Let l be (-4)/(-18) + (-11)/9. Let z = i + l. What are the prime factors of z?
2, 3
Suppose -4*s - 46 = -6*s. Let v = s + -17. List the prime factors of v.
2, 3
Let o = -26 - -44. What are the prime factors of o?
2, 3
Suppose 0 = -5*h + 4*h. Suppose -3*l = -h*l - 42. List the prime factors of l.
2, 7
Let y(l) = l**3 - 8*l**2 - 7*l - 13. Let m be y(9). Suppose -1 = m*k + 24. Let s = 9 + k. What are the prime factors of s?
2
Let m = -7 + 2. Let g(c) be the first derivative of -c**4/4 - 4*c**3/3 + 2*c**2 + 4*c - 1. List the prime factors of g(m).
3
Let j(u) = 107*u**3 - 4*u**2 + 2*u + 1. What are the prime factors of j(1)?
2, 53
Suppose 0 = 13*o - 17*o + 92. What are the prime factors of o?
23
Let y(t) = t**3 - 6*t**2 + 6*t - 5. Let l be y(5). Suppose 2*u + 5*k + 10 = l, 25 = -0*u + u - 5*k. What are the prime factors of 6/(-5)*(-10 + u)?
2, 3
Let b(v) = v**3 + 5*v**2 - 7*v - 10. Let d be b(-7). Let h = -39 - d. List the prime factors of h.
2, 5
Suppose 4*y = -12, -6 - 7 = 4*g - y. Let x(h) = -h**3 - 3*h**2 + 4*h + 4. List the prime factors of x(g).
2
Let k(r) be the first derivative of 21*r**2/2 - 2*r - 8. What are the prime factors of k(1)?
19
Suppose -20*b + 13*b = -840. List the prime factors of b.
2, 3, 5
Let q(d) = d + 7. Let i be q(-6). Suppose -u - 8 = -3*x, 11 = 4*x - 2*u - i. Suppose 2*f = -x*a + 20, 3*a + 2 = 3*f + 14. List the prime factors of a.
7
What are the prime factors of 93 - 4/(16/(-12))?
2, 3
Let u(f) = f**2 + 2*f - 4. List the prime factors of u(-7).
31
Let f(t) = t**2 + 6*t - 5. Let b be f(-7). Let a be 5*(0 - (-2)/b). Suppose 4*w - 5*p = 57, 0*w + w + a*p = -17. What are the prime factors of w?
2
Let p(k) = k + 7. Let o be p(-3). Suppose a - o + 2 = 0. Suppose -3*s + 36 = 3*n, -2*n + a*s - 5*s + 28 = 0. What are the prime factors of n?
2
Suppose -5*b + b = -48. What are the prime factors of b?
2, 3
Suppose -3*g - 10 = -8*g. Suppose 5*s = 2*j + 52, 3*j - 8 = s - g*j. List the prime factors of (-58)/(-7) + s/(-42).
2
Suppose 2*m - 22 = 2*q + 3*q, m - 11 = 5*q. What are the prime factors of m?
11
Let c(r) = 7*r**2 + r + 2. Let p(y) = y**2 + 1. Let d(t) = c(t) - 4*p(t). Let h = -7 + 5. What are the prime factors of d(h)?
2
Let u be (-48)/15*10/(-4). Suppose -2*f - 3*f = 0. What are the prime factors of u/20*(15 - f)?
2, 3
Let o(a) be the third derivative of a**5/60 - 5*a**4/24 - 10*a**3/3 - a**2. List the prime factors of o(10).
2, 3, 5
List the prime factors of (-966)/(-27) + 10/45.
2, 3
Let d(v) = -9*v + 5. Let b(f) = -1 - 3*f - 5 + 4 + 8*f. Let q(a) = -5*b(a) - 2*d(a). What are the prime factors of q(-1)?
7
Let y = -4 - -13. What are the prime factors of y?
3
Let i(s) = -2*s + 0 - 1 + 3*s + s. Let l be 2 + (-1 - -2) + -1. What are the prime factors of i(l)?
3
Suppose 3*t = -t - 364. Let d = -59 - t. Suppose 0 = 2*l + 4*p + 10 - d, 0 = -4*l - 3*p + 29. List the prime factors of l.
5
Let n(q) = -q - 13. Suppose 2*v - 4*v = 26. Let r be n(v). Suppose -4*f - f + 85 = r. What are the prime factors of f?
17
Let a be 50*(-2 + -1)/(-3). Suppose s - a = -s. What are the prime factors of s?
5
Let j = -175 + 305. List the prime factors of j.
2, 5, 13
Suppose 5*h + 8 = 9*h. Suppose -13 = h*j - 37. What are the prime factors of j?
2, 3
Suppose -4*y = y - 125. Let f = y - 9. List the prime factors of f.
2
Let g be ((-6)/(-4))/((-15)/(-40)). Suppose -s = -3*u + s + 95, -s + 134 = g*u. List the prime factors of u.
3, 11
What are the prime factors of (-16)/40 - 157/(-5)?
31
Let g = -5 - 45. Let p = 76 + g. What are the prime factors of p?
2, 13
Let l = -42 - -22. Let o = 8 - 5. List the prime factors of ((-18)/15)/(o/l).
2
Suppose 0 = -0*w - 4*w + 8. List the prime factors of 12/5 + w/(-5).
2
Let r(z) = -z**3 + 5*z**2 + 6*z + 6. Let o be r(6). Let k be 1/(1/(-2)*-1). Suppose -k*b + 4*w = -o, -b - 3*w - w + 33 = 0. What are the prime factors of b?
13
Suppose -p - 2 = p. What are the prime factors of p/((-1)/(-2)) + 15?
13
Suppose 3*k - 902 = -7*c + 6*c, -600 = -2*k - c. List the prime factors of k.
2, 151
Suppose -3*q = -2*q - 126. Suppose -6*t + 3*t = q. What are the prime factors of t/(-4) + 3/(-6)?
2, 5
What are the prime factors of (-2216)/(-12) - (-2)/6?
5, 37
Let f = -88 - -147. What are the prime factors of f?
59
Suppose -6*u = -209 - 625. What are the prime factors of u?
139
Let n(t) = -125*t**3 - 2*t**2 - 2*t. List the prime factors of n(-1).
5
Suppose -y + 18 = -0*y. Suppose 46 = 3*b + v + 7, b - y = -2*v. What are the prime factors of b?
2, 3
Let f be 74 - -1 - (-4)/(-2). Suppose n = 5*y - f, y - 5*n - 8 = -3. What are the prime factors of y?
3, 5
Let o(c) = -c**2 + 5*c + 20. Let n(h) = 2*h**2 - 9*h - 40. Let u(b) = -6*n(b) - 11*o(b). List the prime factors of u(0).
2, 5
Suppose 0 = y - f, -6*y + 4*y + 2 = -4*f. Let l be (-56)/(-12)*(7 + y). Suppose 0 = -4*d - 0*d + l. What are the prime factors of d?
7
Let t = -10 - -1. Let a = 13 + t. List the prime factors of a.
2
Let h = -8 + 12. Suppose -2*x + 12 - h = 0. Suppose -q + 34 = 4*i, -q + 6*i = x*i - 4. What are the prime factors of q?
2, 7
Let q = 26 - 14. Suppose 4*n - q = 8. List the prime factors of n.
5
Suppose 37 = 5*a - 118. Let i be ((-25)/3 - -2)*3. Let g = a + i. What are the prime factors of g?
2, 3
Let n be 942/18 + (-1)/3. Let l = n + -33. What are the prime factors of l?
19
Suppose 0 = 3*a - 0 - 63. List the prime factors of a.
3, 7
Let j be (-15)/(2 - (2 - 1)). Let n(p) = 9*p - 4. Let w be n(4). Let s = j + w. List the prime factors of s.
17
Let q = 5 + -3. Suppose 4*b + 8 = -4*v, 12 = 3*b - q*v - 7. Suppose 20 = b*w - 10. List the prime factors of w.
2, 5
Let a(c) be the third derivative of 0*c - 1/60*c**5 - 2*c**2 + 7/24*c**4 + 0 - 5/6*c**3. What are the prime factors of a(4)?
7
Let j be (-504)/(-27) - (-2)/(-3). Suppose 0 = -j*s + 16*s + 36. What are the prime factors of s?
2, 3
Let v = -34 + 70. What are the prime factors of v?
2, 3
Suppose 3*o + u + 4*u - 156 = 0, -2*o = -2*u - 88. What are the prime factors of o?
47
Let t(w) be the first derivative of -w**3/3 + 4*w**2 + 4*w - 4. List the prime factors of t(8).
2
Suppose 2*f - 4*f + 62 = m, -2*m - 116 = -4*f. What are the prime factors of f?
2, 3, 5
Suppose 0 = -4*t + 78 + 10. List the prime factors of t.
2, 11
Let x be (-20)/(-7)*(-14)/(-4). Let f = 3 - -1. Let s = x - f. List the prime factors of s.
2, 3
Let d = -57 - -170. List the prime factors of d.
113
Suppose -x + 2 = -3*b - 2*x, -2